pose v*i - 18000 = -15*i. What is the hundreds digit of i?
5
Suppose -f = 4*f + m + 55, 0 = 5*m + 25. Let x be (-88)/110 + 52/f. What is the hundreds digit of 3585/25 - 0 - x/10?
1
Let y(o) = 2*o**3 + 6*o**2 + 67*o - 36. What is the ten thousands digit of y(16)?
1
Suppose -4*m = x - 7, 2*m - x + 5 = 5*m. Suppose -7*w = -3*w - m*l - 698, 3*w - 537 = -3*l. What is the hundreds digit of w?
1
Let q be (-5)/20 - (-1)/4. Suppose q = -2*p + 4*p + 3*f - 279, 6 = -2*f. Let c = 28 + p. What is the hundreds digit of c?
1
Suppose 13*t - 116013 = -10*t + 222823. What is the units digit of t?
2
Let o(g) = -13 - 20 - 33*g - 16 + 29*g. Let s be o(-13). Suppose x + 534 = s*r, 0 = -5*r + x - 2*x + 890. What is the units digit of r?
8
Let m be (0 - -5)/((48/(-6))/(-24)). Let w(o) = -3*o**2 + 5*o + 50. Let q be w(m). What is the tens digit of (q + 7 + -5)/(-2)?
7
Let g = 38 - 42. Let z(o) = -90*o**3 + 2*o**2 + 5*o + 3. Let a(l) = l**3 + l + 1. Let m(h) = g*a(h) + z(h). What is the tens digit of m(-1)?
9
Let h be 72/(-168) + 174/14. Suppose 3*f + 4*n - 912 = 0, 0*n + 4*n = -h. What is the units digit of f?
8
Let c(x) = 8*x**2 + 42 - 312*x + 305*x + 41. What is the tens digit of c(8)?
3
Let h = 32 - 28. Let t be (-2)/h*12/(-1) - -1. Suppose 1 - t = -j. What is the units digit of j?
6
Suppose t + 4*i = 13, -6*t = -8*t + 4*i + 2. Suppose -8*r + 125 + 115 = 0. Suppose 465 = t*j - r. What is the units digit of j?
9
Let t(x) = -2*x**2 - 12*x - 10. Let d be t(-5). Suppose w - 5*i - 11 = d, -w + 5*w - 3*i - 112 = 0. Suppose -b + w = -0*b. What is the units digit of b?
1
Suppose -2*b + 18 = -u, -4 = -b - 2*u + 10. Suppose -50*c - 1611 = -4*d - 51*c, -2*c = b. What is the tens digit of d?
0
Let s(i) = -5*i - 25*i**2 - 4 + i + 23*i**2. Let r be s(-3). What is the hundreds digit of (r/5)/((-8)/492)?
1
Let q = 132 - 140. What is the tens digit of 3 + (-686)/q + 13/52?
8
Let j(k) = 122 + 91*k - 129*k + 6*k**2 + 60*k + 9*k**2. What is the hundreds digit of j(-5)?
3
Let r be -7 + 8*(-505)/(-10). Suppose 3*c - 4*f = 2486, -5*f - r = 3*c - 2892. What is the tens digit of c?
3
Suppose 19*w - 5*y = 14*w, -4*w - 4*y = 0. Let d(g) = 13*g**2 + 3*g - 2. Let s be d(-3). Suppose w = -2*i + s - 0. What is the tens digit of i?
5
Suppose -5*v = 10, -21*a + 26*a + v = 33058. What is the tens digit of a?
1
Suppose 146*q = 3508512 + 2948484. What is the thousands digit of q?
4
Let s be (-363994)/(-30) + (-8)/60. Suppose -33*l = -s + 4543. What is the units digit of l?
0
Let y(z) = 1213*z**3 - 8*z**2 + 7*z + 44. What is the thousands digit of y(3)?
2
Suppose -1848 = 35*n - 28*n. Let b = 149 - n. What is the tens digit of b?
1
Let b = -59 - -59. Suppose b = s - 337 + 189. What is the hundreds digit of s?
1
What is the thousands digit of (-1977)/(-2)*4692/306?
5
Let y(q) = 2261*q + 1971. What is the hundreds digit of y(7)?
7
Let l(i) = 4*i + 11. Let d be l(-13). Let t = d + 45. Suppose -25 + 165 = t*n. What is the tens digit of n?
3
Let j be 5 + 117 + 0 + (2 - 5). What is the tens digit of 3060/j - (-1)/((-7)/(-2))?
2
What is the hundreds digit of ((-273)/12)/(-13)*4 + 58701/3?
5
Suppose 39 = 10*x - 81. What is the hundreds digit of -4*x/5*(11 - 71)?
5
Let z(v) = 74*v**2 - 6*v + 19. Let f be z(8). Suppose -8*r = r - f. Let n = r - 373. What is the units digit of n?
0
Suppose f - w = 1966, 12*f = 13*f + w - 1972. What is the units digit of f?
9
Let f be (-2 - -8)*(0 - -1). Let g be ((2 - 3) + (f - 5))/1. Suppose 5*z + 3*o - 471 = g, z = -o + 6*o + 111. What is the units digit of z?
6
Suppose -2042 - 2722 = -l + 3*t, l + t - 4740 = 0. What is the tens digit of l?
4
Let i(z) = 4*z**2 - z - 104. What is the units digit of i(23)?
9
Suppose -10*y = -23*y + 14963. What is the thousands digit of y?
1
Let l(p) = -48*p**3 - 2*p**2 - 7*p - 11. Let d be l(-2). Let x = -153 + d. What is the units digit of x?
6
Suppose 0 = 35*u - 23*u. Suppose 254 = v - 3*r, -3*v + u*r = -r - 802. What is the units digit of v?
9
Let c(i) = i**3 + 8*i**2 - 23*i - 117. Let z be c(-9). Suppose 30*n - z*n = 31521. What is the hundreds digit of n?
5
Suppose -5309 + 1700 = -5*u - 4*m, u + 5*m - 726 = 0. Let f = 1439 - u. What is the hundreds digit of f?
7
Suppose -30 = 3*a + 3*a. Let q(j) = -j**3 - 4*j**2 + 5*j + 1. Let h be q(a). What is the units digit of 4/h - (-69 + -7)?
0
Suppose -156826 = -67*a + 48*a. What is the units digit of a?
4
Let i = 547 + -550. Let g(s) = -592*s - 118. What is the thousands digit of g(i)?
1
Suppose -10*b + 40 = -5*b. Suppose -b = -2*d, 3*d = -c - 0*c + 253. What is the tens digit of c?
4
Let q be (20/(-8))/(-5) - 49/2. Let c = q - -142. Suppose 0 = 4*u - 2*u - c. What is the tens digit of u?
5
Let f = -4574 - -16608. What is the ten thousands digit of f?
1
Let q(m) = -m**2 - 9*m + 25. Let n be q(-11). Let t(y) = -n*y**2 + 191 - 45 - 10*y + 2*y**2 + 9*y. What is the units digit of t(0)?
6
Suppose -15*x + 52*x - 1056023 = 20*x. What is the ten thousands digit of x?
6
Suppose -4*s + 5*r = -s - 51, 9 = 2*s + 5*r. Let w(g) = -g**3 + 13*g**2 - 12*g + 8. What is the units digit of w(s)?
8
Let y(a) = a**2 + 3*a - 10. Let c be y(-7). What is the tens digit of (c - -6)*((-39)/(-9) - -1)?
2
What is the hundreds digit of -21 - (-61482 + -8 + 20)?
4
Suppose -g = 4*c + c - 185, -c - 2*g = -46. Suppose -3*y + c = -3. Suppose y*r = 23*r - 810. What is the tens digit of r?
8
Let z(v) be the first derivative of 17*v**3/3 + 5*v**2/2 + 10*v + 43. What is the tens digit of z(5)?
6
Suppose -98 = 3*y + 4*y. What is the tens digit of (17 + y)*(1 + 6) + -5?
1
Suppose 11*h - 31196 = -33*h. Suppose 1938 = -708*l + h*l. What is the hundreds digit of l?
9
Let o = -455 + 449. What is the tens digit of (126/(-24) - o)/(5/2280)?
4
Let n = -13202 - -23013. Suppose 7844 = 4*s + 2*f, -f + n = -s + 6*s. What is the tens digit of s?
6
Suppose -6 = 4*j - 2*q, -4*j + 4*q - 3 = 1. Let i be (-6)/j - (2 + 2). What is the tens digit of 5 - 2 - (-32 + i)?
3
Let v = -41532 - -87551. What is the thousands digit of v?
6
Suppose 7351*t = 7347*t + 27668. What is the thousands digit of t?
6
Suppose -n - 366 = 4*v - 457, 2*v + 301 = 3*n. Suppose -5*o + 0*o + 2*k - 391 = 0, 5*k + 293 = -4*o. Let t = n - o. What is the hundreds digit of t?
1
Suppose d + 2*n - 226 = 0, 0 = 15*n - 14*n - 5. What is the hundreds digit of d?
2
Suppose 5*c - 57 = -2*d, 4*d - 26 = 3*d - 2*c. Suppose -8*q - 8 = d. What is the tens digit of (-8)/q*(-1 - -112)?
9
Let o(r) = r**3 + 13*r**2 + 18*r + 24. Let h be o(-13). What is the hundreds digit of (h/(-8) - 2)/(4/48)?
2
Let s = -3038 + 5787. Suppose -2*b = 5*d - 4563, 3*d = -4*b - 0*b + s. What is the units digit of d?
1
What is the hundreds digit of ((-4)/(-8))/((-24)/(-144)) - -15129?
1
Let t be (82/(-123))/(-1*4/18). Suppose -a = t*a + 152. Let r = 39 + a. What is the units digit of r?
1
Suppose -230212 = -4*q - 4*p, 3*p = 5*q - 26895 - 260830. What is the hundreds digit of q?
5
What is the tens digit of (-3)/6*-4 - (-20 + -4259)?
8
Suppose -129*d = 137*d - 12513438. What is the hundreds digit of d?
0
Let r be -148*(-2)/32*4. Suppose 21*j + 6432 = r*j. What is the hundreds digit of j?
4
Let r be (0 - -2) + (-24 - 1). Let u be (-10 - 10)*13/(260/32). Let a = r - u. What is the units digit of a?
9
Let d be -10 + (4 - 1 - 1). Let n be (-3)/16*2 + 2772/(-288). Let j = d - n. What is the units digit of j?
2
Suppose -3*g + 1244 = 5*l, -1252 = -5*l + 2*g - g. Suppose -3*k - 2*i + 270 = k, 2*i = 4*k - l. What is the tens digit of k?
6
Let i(j) = -1129*j + 1384. What is the units digit of i(-10)?
4
Suppose -5*z - 455 = 295. Let n = -47 - z. Let c = 198 - n. What is the tens digit of c?
9
Suppose 0 = -a - 4*d - 14, -2*d - 14 = -2*a + 6*a. Let g be (-2)/4 + 2296/16. What is the tens digit of 10/25*(g - a)?
5
Suppose -3892 = -54*v + 52*v. Suppose -23*s = -24*s + v. What is the units digit of s?
6
What is the hundreds digit of 1/((-1)/(((-99972)/(-15))/((-12)/40)))?
2
Let b be 5/(15/(-426)) - 3. Suppose 270 = -8*y + 5*y. Let r = y - b. What is the units digit of r?
5
Let m = 645 + -909. Let d = m + 757. What is the tens digit of d?
9
What is the tens digit of (-39497 - 7)/(-8) - 1?
3
Suppose -88 - 104 = -4*s - 4*r, 0 = s - 2*r - 36. Suppose 0 = f - d - 12, 3*d - 2*d - s = -3*f. What is the tens digit of f?
1
Let v be 0/((-1 - -5 - 1) +